-85045a
In base 5, what is -120 + 2324?
2204
In base 3, what is 102221 - 1210121?
-1100200
In base 5, what is 2 + 3031342?
3031344
In base 3, what is -1020220200 + -1211?
-1020222111
In base 8, what is -5 - 2421114?
-2421121
In base 16, what is 2c4f3 + -2?
2c4f1
In base 3, what is -10 + -210002221222?
-210002222002
In base 11, what is 223 - 465?
-242
In base 6, what is -11540315 - -3?
-11540312
In base 13, what is 207 + -46?
191
In base 9, what is -60476 + -2?
-60478
In base 12, what is -2090 + 5?
-2087
In base 14, what is -5 - -3cd20?
3cd19
In base 5, what is -21 - -1240202?
1240131
In base 9, what is 1 - -1745?
1746
In base 5, what is 113 + 43?
211
In base 14, what is -5b77 - -5?
-5b72
In base 11, what is -10 + 30a24?
30a14
In base 9, what is 375 + -1028?
-543
In base 11, what is 233067 + -7?
233060
In base 16, what is -4d7 + -24?
-4fb
In base 7, what is -5 - -13302464?
13302456
In base 6, what is 1100543 + -43?
1100500
In base 11, what is -44 - 77a3?
-7837
In base 15, what is -b + 24e?
243
In base 14, what is 39 + -2c?
b
In base 5, what is -32432 - -222?
-32210
In base 12, what is -7225 + 1?
-7224
In base 12, what is b0 + -137a?
-128a
In base 10, what is 2989 + 43?
3032
In base 7, what is 2255 - -363?
2651
In base 10, what is 1 - -3615?
3616
In base 14, what is -4348 - 2?
-434a
In base 11, what is -47128 - 0?
-47128
In base 10, what is -12 - 1779?
-1791
In base 14, what is -1 + -5c278?
-5c279
In base 3, what is 200010 + -110101?
12202
In base 11, what is 0 + -69123?
-69123
In base 9, what is -3 - -6752?
6748
In base 9, what is -642 + -54?
-706
In base 4, what is 3 - -1000322?
1000331
In base 8, what is 31 + -7211?
-7160
In base 16, what is 1add - 6?
1ad7
In base 3, what is -210002100 - -1?
-210002022
In base 9, what is 53707 + 4?
53712
In base 5, what is 10021310 - 1?
10021304
In base 2, what is 111 - -11010111100?
11011000011
In base 6, what is -4 + 531015?
531011
In base 8, what is 335374 - 0?
335374
In base 7, what is -124102 + 61?
-124011
In base 16, what is 7022 - 4?
701e
In base 11, what is 5 + -122078?
-122073
In base 11, what is 4 - 13567?
-13563
In base 12, what is -2378 - 6?
-2382
In base 15, what is -86be6 + -4?
-86bea
In base 5, what is 204 - -2411?
3120
In base 3, what is 100220212 - 102101?
100111111
In base 6, what is 21140051 + 3?
21140054
In base 2, what is 111 + -1011011101011?
-1011011100100
In base 6, what is -2 - -24213322?
24213320
In base 13, what is 8 + -2184?
-2179
In base 12, what is -357 + 542?
1a7
In base 6, what is 25155 + -1210?
23545
In base 16, what is -6 + -137db?
-137e1
In base 4, what is 3 - -1003030320?
1003030323
In base 2, what is -101000100011101 + 11?
-101000100011010
In base 2, what is -1001110 - -100010100?
11000110
In base 13, what is 163 - -1?
164
In base 15, what is -1 - -4ed67?
4ed66
In base 10, what is -27814 + 6?
-27808
In base 7, what is 2 - 1442624?
-1442622
In base 8, what is 2 + 57213?
57215
In base 15, what is 3233 - 5e?
31c4
In base 6, what is 1011 + 40?
1051
In base 14, what is -599c + 5?
-5997
In base 8, what is 122 + -5?
115
In base 9, what is 3440 - 0?
3440
In base 10, what is -16 - -33?
17
In base 2, what is 110011010011110 + 101?
110011010100011
In base 14, what is -4 - 383cd?
-383d3
In base 5, what is -2031224 + 2?
-2031222
In base 5, what is -2 - 113334032?
-113334034
In base 16, what is 9a - 2b88?
-2aee
In base 6, what is -220 + -5532?
-10152
In base 8, what is 2 - -110375?
110377
In base 15, what is ed80b + 4?
ed810
In base 12, what is -22b - -1139?
b0a
In base 9, what is -4 - 2680805?
-2680810
In base 16, what is 24ef - -7c?
256b
In base 7, what is -2050 + 1026?
-1021
In base 5, what is 112331 - -330?
113211
In base 2, what is -111100101111000101 + 1?
-111100101111000100
In base 6, what is -342 - -434?
52
In base 6, what is -3 + -2230?
-2233
In base 9, what is 2770 + -4?
2765
In base 6, what is -41345145 + 5?
-41345140
In base 10, what is 1 + 13980?
13981
In base 6, what is 1 - 2532105?
-2532104
In base 10, what is -5 - 8504?
-8509
In base 12, what is -16560 - 3?
-16563
In base 12, what is -34ab + -7?
-34b6
In base 10, what is 269 - 250?
19
In base 4, what is -113010 - 211?
-113221
In base 6, what is -115 - -1124?
1005
In base 5, what is -122241 - 1413?
-124204
In base 11, what is 5 - 1845?
-1840
In base 13, what is 187 - 71?
116
In base 12, what is 1a + 20559?
20577
In base 5, what is -40 - -2031?
1441
In base 10, what is 219 - 92?
127
In base 15, what is 4 - -2ed6?
2eda
In base 10, what is -2 - 52986?
-52988
In base 6, what is 452202130 + -1?
452202125
In base 11, what is 1441 + 61?
14a2
In base 6, what is 112525230 + -5?
112525221
In base 4, what is -3301 + 2002202?
1332301
In base 11, what is 218a6 - 2?
218a4
In base 5, what is -300 - 12333?
-13133
In base 7, what is -26 - 1443?
-1502
In base 2, what is 1000100010001 + 1111010?
1000110001011
In base 11, what is 3 + -45856?
-45853
In base 15, what is 2e75e + 0?
2e75e
In base 8, what is 671 + -1514?
-623
In base 15, what is 5 + 3a1?
3a6
In base 7, what is 511230 - -35?
511265
In base 2, what is 111 - -11000101?
11001100
In base 13, what is 1 - 210238?
-210237
In base 10, what is -1115806 + 4?
-1115802
In base 13, what is -5 + 163206?
163201
In base 9, what is -163 - 20715?
-20878
In base 6, what is 5323 + 32?
5355
In base 8, what is -165624 + -1?
-165625
In base 10, what is -3 - 367275?
-367278
In base 8, what is -6065 - 522?
-6607
In base 4, what is -10210 - 12?
-10222
In base 11, what is 814 - -333?
1047
In base 13, what is 118 + 595c?
5a77
In base 12, what is 3 - 6836?
-6833
In base 14, what is 2c2 - -d?
2d1
In base 3, what is -11222 - -21011?
2012
In base 4, what is 320322212 - 3?
320322203
In base 5, what is -1341021 - -11?
-1341010
In base 16, what is 10d - 43?
ca
In base 2, what is -11 - 111010011010011111?
-111010011010100010
In base 11, what is 9192 + -26?
9167
In base 7, what is -20015 + 242?
-16443
In base 7, what is 2 - -6306?
6311
In base 3, what is 202121 + -1211?
200210
In base 12, what is -2a83747 + 3?
-2a83744
In base 13, what is -19 - 112c?
-1148
In base 3, what is 12022 + 2021102?
2110201
In base 9, what is -4 - -1203806?
1203802
In base 4, what is -3 + -111011?
-111020
In base 10, what is -28 + -9171?
-9199
In base 11, what is 135019 + 1?
13501a
In base 7, what is -5311 + -201?
-5512
In base 6, what is 230 - -150321?
150551
In base 8, what is 5427 - -11?
5440
In base 3, what is 2212 + 22202212?
22212201
In base 16, what is 4 + -93b6?
-93b2
In base 5, what is 44213002 + -2?
44213000
In base 15, what is -b + 916?
90a
In base 11, what is -191a43 + 3?
-191a40
In base 7, what is 5536201 - 0?
5536201
In base 3, what is -10 - 121110120000?
-121110120010
In base 13, what is 3a - -3b3?
420
In base 2, what is 10000111100 - 101011?
10000010001
In base 7, what is 13 + -1140305?
-1140262
In base 6, what is -1052 + 23?
-1025
In base 8, what is -32712 - -1?
-32711
In base 3, what is 221 + 221211010?
221212001
In base 16, what is 1c - 494?
-478
In base 16, what is 1 + 26b2c?
26b2d
In base 12, what is 6a766 - -5?
6a76b
In base 15, what is 36c5c + -3?
36c59
In base 11, what is 1147589 - -4?
1147592
In base 8, what is 12232 - 650?
11362
In base 4, what is 222 + 2000120?
2001002
In base 7, what is 413422 + 1?
413423
In base 4, what is 122112103 + 0?
122112103
In base 8, what is 2045 + -1?
2044
In base 5, what is -11423334 - 10?
-11423344
In base 12, what is 7 + -75041?
-75036
In base 14, what is 2068 - 28c?
1bba
In base 5, what is 11440141 + 13?
11440204
In base 2, what is -100 - -111011000010101001?
111011000010100101
In base 12, what is -3a - 303a?
-3078
In base 12, what is 2581b - -29?
25848
In base 6, what is 200 + -12225?
-12025
In base 10, what is 4812 - -895?
5707
In base 14, what is 1d524c - 5?
1d5247
In base 4, what is 102003001020 + 2?
102003001022
In base 5, what is 12241340 + -4?
12241331
In base 3, what is -10102020 + -112?
-10102202
In base 4, what is -300102 + -13010?
-313112
In base 2, what is 10 - -10111011001100?
10111011001110
In base 8, what is 15 + -1536?
-1521
In base 16, what is -4 + 14df0c?
14df08
In base 10, what is 3 - -289115?
289118
In base 3, what is 1000022 - 21?
1000001
In base 15, what is c06 - -31?
c37
In base 4, what is -10 - -11100333?
11100323
In base 6, what is -1 - 2453042?
-2453043